f (-1)/(1/(-1*w))?
5
Let j be 18/(4/(1 + 1)). Let s = 13 - j. What is the units digit of s?
4
Let g = -2 + -6. Let q = g + 9. What is the units digit of q?
1
Let p = -10 + 6. Let h = p - -6. What is the units digit of h?
2
Suppose 0 = s + 6 - 20. What is the tens digit of s?
1
Suppose -2*a - 3 + 1 = -r, -5*r + 10 = 0. Suppose 0 = -2*s - 6, 12 = 5*c + s - a*s. Suppose 0 = f + c*f - 20. What is the units digit of f?
5
Let r(v) = v + 6. Let m be (2 - (8 - 2))/1. Let q be r(m). What is the tens digit of q/3 + 62/6?
1
Let s(q) = 2*q**2 + 0*q - 3*q + 0*q**2. Let m be -4*(-1 + 1/2). What is the units digit of s(m)?
2
Let d be (-2 - 5/(-3))*-12. Suppose -3*m + d*r + 34 = 0, -m - r - 14 = 4*r. Suppose -b + m = b. What is the units digit of b?
3
Let a(t) = 147*t**3 + 2*t**2 - t - 1. What is the tens digit of a(1)?
4
Let s be (9/(-15))/((-2)/10). Suppose 14 + 10 = s*j. What is the units digit of j?
8
What is the tens digit of 960/72 - 4/(-6)?
1
Suppose 4*z + j - 77 = 0, -5*j - 75 = -5*z - 10. Let l be (4/(-3))/(2/(-6)). Suppose l*o = -3*v + 10, v = -o - 4*o + z. What is the units digit of o?
4
Suppose 2*o - 39 - 3 = 0. Suppose 2*x + 34 = 5*a - o, 3*x = -15. Suppose -w - 2*w = a, 4*m - 72 = 4*w. What is the tens digit of m?
1
Suppose 0*q = -5*q. Let s(f) be the first derivative of f**4/4 - f**3/3 + f**2/2 + 10*f - 5. What is the units digit of s(q)?
0
Let y = 5 + 10. Let n be (-18)/y*(-10)/4. Let o = 0 + n. What is the units digit of o?
3
Suppose b + 32 = 3*b + 5*f, -2*b = f - 32. Suppose 3*w - b = w. What is the units digit of w?
8
Suppose 8*y - 4*y + 20 = 0. Let g(d) = d**3 + 4*d**2 - 7*d. What is the units digit of g(y)?
0
Suppose 2 + 4 = -3*o. What is the tens digit of o*(-159)/12*2?
5
Let u(v) = 1 + v - 1 - 4 + 2. Let i be (-2)/(2 - 16/6). What is the units digit of u(i)?
1
What is the hundreds digit of (-854)/(-8) - ((-135)/(-20) - 7)?
1
Let b(v) = -v**2 + 4*v + 3. Let l be b(4). Let f = 0 - l. What is the units digit of (3 - (-15)/f) + 16?
4
What is the hundreds digit of (105/(-6) + -2)*(-6)/1?
1
Let b be (3/6)/((-2)/(-208)). Suppose 2*i - 16 = -0*w - 2*w, 3*w - b = 4*i. What is the tens digit of w?
1
Let m be (-5)/(35/6)*-7. Let x = -4 + m. Suppose -2*o = -o - x. What is the units digit of o?
2
Let w be ((-10)/6)/((-3)/(-9)). Let j(i) = -i - 5. Let n be j(w). Suppose -2*u + 8 = -n*u. What is the units digit of u?
4
Let w = 3 + -3. Suppose w = i - 7 - 5. What is the units digit of i?
2
Let v = -61 - -21. What is the units digit of 10/v + (-210)/(-8)?
6
Let d(p) = 9*p - 5. Let o(h) = h. Let n(x) = d(x) - 3*o(x). What is the units digit of n(4)?
9
Suppose 2*o = 4*z + 62, -4*o + 0 = 2*z + 16. Let b = z - -38. What is the units digit of b?
4
Suppose 0 = -3*s - 15, -u - 3*s = u - 43. What is the tens digit of u?
2
Let m(l) = 4*l - 37. Let o be m(10). Suppose u = -2*u - 36. What is the units digit of o + u/(6/(-2))?
7
Let q(z) be the first derivative of z**3/3 - z**2 - 2*z + 2. Let l be q(2). What is the units digit of ((-130)/5)/(1*l)?
3
Let y(n) = n**2 + 9*n + 7. Suppose k = 5*k + 44. What is the units digit of y(k)?
9
Suppose 3 + 9 = 4*c, -f = -c + 1. Let j = -22 - -7. What is the units digit of (f/(-5))/(3/j)?
2
Let k = -3 + 8. What is the units digit of k?
5
Suppose 0 = -2*h - 5*d + 16, -6*d = -h - 2*d - 5. Suppose -n - 2*y + 5 = 0, y = 6*n - n - h. What is the units digit of n?
1
Let w = 133 + -40. What is the tens digit of w?
9
Suppose -v + 44 = 5*q - 0*q, 3*v = 5*q - 48. Let b be (-80)/(-36) - 4/18. Suppose b*c = -1 + q. What is the units digit of c?
4
Let j = 8 + 18. What is the tens digit of j?
2
Let w be 1 + 0 - 7/1. Let l be 206/10 - w/15. Let m = l - -2. What is the units digit of m?
3
Let i be (-12)/21*21/(-6). Let w = 6 + -4. Suppose -i*k = 5*a - 5, a + 3*k + 1 = w. What is the units digit of a?
1
Let x = 6 + -10. Let t(r) = r**2 + 2*r - 3. What is the units digit of t(x)?
5
Let v(k) be the first derivative of -k**6/360 + k**5/12 + k**4/12 + k**3/3 - 3. Let d(y) be the third derivative of v(y). What is the units digit of d(10)?
2
Suppose m + 13 = 99. Suppose -4*k = -q - 111, 2*q - 4*q + m = 3*k. What is the units digit of k?
8
Let v = 1 - -3. Let o = v - -5. What is the units digit of o?
9
Let q = -85 + 133. Let i = 69 - q. Suppose 24 = 5*b - i. What is the units digit of b?
9
What is the units digit of (-1)/(-3) + (58/6 - 2)?
8
Let t(l) = l**3 - 7*l**2 + 11*l - 14. What is the tens digit of t(6)?
1
Suppose 4*a = d - 74, -5*d - 5*a + 261 + 9 = 0. What is the tens digit of d?
5
Let b(i) = -i**2 + 2*i + 1. Let y = 5 + -1. Let x be b(y). Let l = x + 12. What is the units digit of l?
5
Let u = 119 + -5. What is the hundreds digit of u?
1
Let y be (-153)/(6/(-2)) - -1. Suppose 3*b + b = y. What is the units digit of b?
3
Suppose -3*v + 19 - 4 = 0. Suppose v*h + 15 = -0*h, 2*n + 5*h = 3. What is the units digit of n?
9
Suppose 0 = -2*s - 3*b - 277 + 1072, -4*s + 1557 = -5*b. What is the hundreds digit of s?
3
Suppose -3*s + 2*s = -13. Let d = s + 13. What is the tens digit of d?
2
Let j(s) = -s**2 - 4*s - 1. Let v be j(-5). Let b be 2/v*-3 - -1. Let i(x) = x**2 - 2*x + 1. What is the units digit of i(b)?
1
Let p be 976/18 + 4/(-18). Let l = p - 35. What is the tens digit of l?
1
Let w(h) = -h**2 - 9*h - 9. Let k be w(-7). Suppose -k*g + g = y + 15, y - 3*g = 20. Let o = y + 0. What is the units digit of o?
5
Suppose -4 + 0 = 4*u, 4*m - 2*u - 978 = 0. What is the tens digit of m?
4
Suppose 5*t - t = -4. What is the units digit of (t + -26)/(-3) - -2?
1
Let k(l) = l**3 - 5*l**2 - 7*l + 5. Let i be k(6). Let r be (5*i)/(6 - 7). What is the units digit of (-1 + 0)/(r/(-30))?
6
Suppose -4*z = 4*r - 52, -4*r = -9 - 3. Suppose -2*d + 26 = 2*m, -z = 3*d - 8*d. What is the tens digit of m?
1
Let c(u) = 18*u - 45. What is the units digit of c(23)?
9
Let m(w) = w**2 - 13*w + 17. What is the hundreds digit of m(21)?
1
Let w(k) = -k - 6 + 5 + 0*k. Let m be w(-5). Let o(t) = 3*t - 5. What is the units digit of o(m)?
7
Let a = -281 + 541. What is the tens digit of a?
6
Let i(c) = -c**3 - 22*c**2 + 20*c + 7. What is the units digit of i(-23)?
6
Let x be (-60)/(-3) + (1 - 2). Let y = 36 - x. What is the units digit of y?
7
What is the units digit of 4/6*135/10?
9
Let t = -187 - -276. Let r = -22 + t. Suppose 3*o - 6 = 0, r = 4*n + 2*o - 5. What is the units digit of n?
7
Suppose 2*i + 14 = -6. What is the units digit of ((-46)/i)/(2/10)?
3
Let t = -184 - -329. What is the hundreds digit of t?
1
Suppose -119 = -3*r + 52. What is the tens digit of r/4 + 6/(-24)?
1
Suppose 3*j - 97 = -t, 4*t - 338 = -0*t - 2*j. What is the units digit of t?
2
Let v be 1 + (0/3 - -26). Let f = -15 + v. What is the units digit of f?
2
Let t(y) = y**2 - 6*y + 4. Let d be t(6). Let b = d - 0. Suppose 0 = h - 0*h - b. What is the units digit of h?
4
Let x = -11 + 57. What is the tens digit of x?
4
Suppose -d + 0*d - 4 = 0. Let o be 10/d - (-1)/2. What is the units digit of (0 - o)*(-28)/(-8)?
7
Suppose -3*z = 110 - 572. What is the units digit of z?
4
Suppose 0 = 3*l + 2*l + 15. What is the tens digit of -17*(3 + 12/l)?
1
Let q = 5 + -4. Let r = 3 - q. What is the units digit of r?
2
What is the tens digit of 51 + -4 - (-2 + 3)?
4
What is the units digit of (-8)/2 - 1*-3 - -259?
8
Let o(r) = -r + 2. Let n(c) = -c**2 - 4*c + 5. Let z be n(-4). Suppose -z*a = -3*j - 6, 0*j + 2*a + 27 = -3*j. What is the units digit of o(j)?
9
Let r(d) = -d**3 - 7*d**2 - 5*d - 8. Let l be r(-7). Let p = l - 11. Suppose -42 = -2*t - 2*s, 3*t - p = 2*t + 4*s. What is the tens digit of t?
2
Let d(i) = -i**3 + i - 2. Let n be d(-2). Suppose a = 4*b - n*a - 108, 2*a = -3*b + 104. What is the units digit of b?
2
Suppose 0 = -5*z + 15 - 0. Let a be 1*z/(-6)*2. What is the units digit of a/2*(0 + -12)?
6
Let s(w) = -w**3 - 9*w**2 + 10*w + 12. Let m be (9/(-6))/((-6)/(-40)). Let z be s(m). Suppose -l + 3 = g, 2*l - z = 2*g + 14. What is the units digit of l?
8
Let y(c) = 12*c**2 + c - 4. What is the hundreds digit of y(3)?
1
Let a = 13 + -6. What is the units digit of a?
7
What is the units digit of (-11 + 5)*4/(-6)?
4
Let g(o) = -3*o. Let l be -3 - (8 + 0 - -2). Let w = 7 + l. What is the units digit of g(w)?
8
Suppose u + 1 = 118. What is the hundreds digit of u?
1
Let d = -91 + 293. What is the tens digit o